 the hundreds digit of 7554?
5
What is the units digit of 827?
7
What is the hundreds digit of 253?
2
What is the hundreds digit of 308?
3
What is the tens digit of 9423?
2
What is the tens digit of 638?
3
What is the ten thousands digit of 16853?
1
What is the thousands digit of 1677?
1
What is the tens digit of 10?
1
What is the tens digit of 7298?
9
What is the hundreds digit of 2046?
0
What is the hundreds digit of 1596?
5
What is the hundreds digit of 2028?
0
What is the tens digit of 1553?
5
What is the tens digit of 5192?
9
What is the thousands digit of 3315?
3
What is the units digit of 2083?
3
What is the units digit of 672?
2
What is the units digit of 1258?
8
What is the tens digit of 74166?
6
What is the units digit of 8022?
2
What is the tens digit of 394?
9
What is the thousands digit of 1462?
1
What is the hundreds digit of 8481?
4
What is the units digit of 813?
3
What is the thousands digit of 19582?
9
What is the hundreds digit of 32381?
3
What is the tens digit of 12357?
5
What is the units digit of 4353?
3
What is the hundreds digit of 1384?
3
What is the hundreds digit of 8391?
3
What is the thousands digit of 7058?
7
What is the hundreds digit of 25304?
3
What is the tens digit of 32361?
6
What is the units digit of 30617?
7
What is the ten thousands digit of 40862?
4
What is the hundreds digit of 204?
2
What is the tens digit of 7952?
5
What is the hundreds digit of 369?
3
What is the units digit of 585?
5
What is the hundreds digit of 758?
7
What is the ten thousands digit of 26871?
2
What is the units digit of 10377?
7
What is the ten thousands digit of 30012?
3
What is the thousands digit of 1749?
1
What is the hundreds digit of 1369?
3
What is the tens digit of 2490?
9
What is the units digit of 3297?
7
What is the hundreds digit of 73634?
6
What is the tens digit of 1056?
5
What is the tens digit of 7708?
0
What is the tens digit of 57241?
4
What is the units digit of 744?
4
What is the thousands digit of 47724?
7
What is the hundreds digit of 15092?
0
What is the hundreds digit of 709?
7
What is the hundreds digit of 5313?
3
What is the units digit of 24862?
2
What is the tens digit of 245?
4
What is the hundreds digit of 1226?
2
What is the tens digit of 7755?
5
What is the units digit of 47807?
7
What is the tens digit of 5915?
1
What is the thousands digit of 1822?
1
What is the units digit of 451?
1
What is the ten thousands digit of 14014?
1
What is the tens digit of 83?
8
What is the units digit of 668?
8
What is the hundreds digit of 1823?
8
What is the tens digit of 273?
7
What is the thousands digit of 6929?
6
What is the tens digit of 7068?
6
What is the hundreds digit of 9612?
6
What is the tens digit of 93?
9
What is the tens digit of 105694?
9
What is the hundreds digit of 5162?
1
What is the hundreds digit of 2434?
4
What is the ten thousands digit of 15213?
1
What is the hundreds digit of 5423?
4
What is the hundreds digit of 7613?
6
What is the thousands digit of 50241?
0
What is the hundreds digit of 5056?
0
What is the hundreds digit of 42522?
5
What is the thousands digit of 11908?
1
What is the hundreds digit of 2950?
9
What is the hundreds digit of 532?
5
What is the thousands digit of 51954?
1
What is the tens digit of 697?
9
What is the hundreds digit of 3603?
6
What is the units digit of 22538?
8
What is the units digit of 1134?
4
What is the units digit of 2612?
2
What is the tens digit of 3514?
1
What is the tens digit of 5805?
0
What is the units digit of 26059?
9
What is the hundreds digit of 19429?
4
What is the tens digit of 88872?
7
What is the units digit of 12606?
6
What is the hundreds digit of 23175?
1
What is the tens digit of 824?
2
What is the hundreds digit of 786?
7
What is the units digit of 333?
3
What is the units digit of 1428?
8
What is the hundreds digit of 827?
8
What is the tens digit of 2228?
2
What is the units digit of 79104?
4
What is the hundreds digit of 4366?
3
What is the units digit of 644?
4
What is the thousands digit of 67719?
7
What is the hundreds digit of 80031?
0
What is the hundred thousands digit of 143353?
1
What is the tens digit of 100189?
8
What is the thousands digit of 7219?
7
What is the thousands digit of 1946?
1
What is the tens digit of 1566?
6
What is the units digit of 645?
5
What is the units digit of 14109?
9
What is the hundreds digit of 554?
5
What is the hundreds digit of 5140?
1
What is the tens digit of 3748?
4
What is the units digit of 1645?
5
What is the units digit of 153?
3
What is the tens digit of 12450?
5
What is the hundreds digit of 3706?
7
What is the ten thousands digit of 56343?
5
What is the thousands digit of 1934?
1
What is the tens digit of 18?
1
What is the ten thousands digit of 16159?
1
What is the thousands digit of 13339?
3
What is the hundreds digit of 807?
8
What is the units digit of 75596?
6
What is the hundreds digit of 5687?
6
What is the hundreds digit of 599?
5
What is the thousands digit of 2589?
2
What is the ten thousands digit of 10381?
1
What is the thousands digit of 4491?
4
What is the tens digit of 10817?
1
What is the tens digit of 2603?
0
What is the hundreds digit of 5641?
6
What is the ten thousands digit of 103642?
0
What is the thousands digit of 71337?
1
What is the thousands digit of 20141?
0
What is the tens digit of 6527?
2
What is the tens digit of 1411?
1
What is the tens digit of 57721?
2
What is the units digit of 62257?
7
What is the hundreds digit of 606?
6
What is the tens digit of 11912?
1
What is the ten thousands digit of 30423?
3
What is the hundreds digit of 187?
1
What is the tens digit of 3420?
2
What is the hundreds digit of 69608?
6
What is the ten thousands digit of 16056?
1
What is the thousands digit of 26848?
6
What is the tens digit of 6577?
7
What is the thousands digit of 4133?
4
What is the tens digit of 129?
2
What is the tens digit of 603?
0
What is the thousands digit of 1094?
1
What is the hundreds digit of 6598?
5
What is the hundreds digit of 434?
4
What is the hundreds digit of 21276?
2
What is the tens digit of 1355?
5
What is the tens digit of 1223?
2
What is the units digit of 1464?
4
What is the hundreds digit of 98569?
5
What is the thousands digit of 2748?
2
What is the ten thousands digit of 19206?
1
What is the units digit of 54274?
4
What is the tens digit of 6094?
9
What is the units digit of 2286?
6
What is the thousands digit of 35306?
5
What is the ten thousands digit of 30395?
3
What is the hundreds digit of 5918?
9
What is the tens digit of 14147?
4
What is the hundreds digit of 1791?
7
What is the thousands digit of 6936?
6
What is the ten thousands digit of 19828?
1
What is the thousands digit of 3234?
3
What is the tens digit of 340?
4
What is the hundreds digit of 3270?
2
What is the thousands digit of 6664?
6
What is the units digit of 10317?
7
What is the thousands digit of 1545?
1
What is the hundreds digit of 3100?
1
What is the thousands digit of 6757?
6
What is the units digit of 3498?
8
What is the units digit of 18921?
1
What is the tens digit of 81400?
0
What is the tens digit of 12130?
3
What is the hundreds digit of 3823?
8
What is the units digit of 985?
5
What is the tens digit of 7526?
2
What is the hundreds digit of 19866?
8
What is the tens digit of 970?
7
What is the hundreds digit of 4850?
8
What is the thousands digit of 119956?
9
What is the hundreds digit of 466?
4
What is the thousands digit of 9409?
9
What is the hundreds digit of 684?
6
What is the tens digit of 7418?
1
What is the tens digit of 1292?
9
What is the tens digit of 13997?
9
What is the tens digit of 303?
0
What is the tens digit of 307?
0
What is the tens digit of 40266?
6
What is the tens digit of 356?
5
What is the thousands digit of 134419?
4
What is the hundreds digit of 11276?
2
What is the units digit of 8279?
9
What is the thousands digit of 10835?
0
What is the hundreds digit of 1325?
3
What is the hundreds digit of 300?
3
What is the tens digit of 23390?
9
What is the tens digit of 62?
6
What is the units digit of 633?
3
What is the tens digit of 340?
4
What is the units digit of 257?
7
What is the tens digit of 6561?
6
What is the tens digit of 2259?
5
What is the tens digit of 225?
2
What is the hundreds digit of 4129?
1
What is th